8 + 23/1)*1/(-1). What is i(w)?
7
Let q(v) = 6*v**2 - 183*v + 91. Let d be q(30). Let u(t) = -62*t**2 + 2*t - 2. Calculate u(d).
-62
Let g(d) be the third derivative of d**5/60 + 17*d**4/24 + d**3/6 + 248*d**2 - 3. What is g(-14)?
-41
Let t = -18531 + 18535. Let s(h) = -3*h - 1. Let j(k) = -4*k - 2. Let v(z) = 5*j(z) - 7*s(z). Give v(t).
1
Let r(m) = m**2 + 12*m + 6. Suppose 48*d - 44*d + 436 = 0. Let g = d + 101. Give r(g).
-26
Let n(d) be the second derivative of -d**4/6 - d**3/3 - d**2 + 4246*d. Let t = -6 - -5. What is n(t)?
-2
Let c(n) = -n**2 + 9*n - 14. Let z = -177 - -189. Suppose -o = 2 - z. Give c(o).
-24
Let z(f) be the second derivative of 2*f**3 + 49*f**2 - 3*f - 174. Give z(-11).
-34
Let y be (8/2 - 1) + 1/1. Let x(m) = y*m + 10*m - 15*m - 2*m - 13. Calculate x(-10).
17
Let h be 2 - (-1 - 0 - -2). Let j(u) be the first derivative of 11*u**2/2 - 5111. Determine j(h).
11
Let o(v) = 5*v**2 - 23*v + 9. Let y(w) = 4*w**2 - 21*w + 7. Let z(n) = 6*o(n) - 7*y(n). Calculate z(-5).
10
Let g(v) = -v**3 + 10*v**2 + 12*v - 12. Suppose 2*i + 3*y - 17 = 0, 2*i - 3*y + 2 = 1. Suppose i*t - 217 = -173. Determine g(t).
-1
Let v(f) = f**2 - 100. Let a be v(0). Let h = a - -162. Suppose -7*r + h = 27. Let z(s) = -s**2 + 5*s + 3. Calculate z(r).
3
Let o(b) = b**2 - b + 2. Suppose 32 - 383 = -3*q. Suppose q = 10*r - 3. Suppose l + 2*h = -l, -2*h = 5*l + r. Give o(l).
22
Let h be -2 + 11 - (0 - 1). Let w(s) = -s**2 - 2432 + 802 + 813 + 799 + 12*s. What is w(h)?
2
Let n(o) = o**2 - 33*o - 79. Let m be n(32). Let t = m - -116. Let y(g) = 7*g - 7. Calculate y(t).
28
Let d(f) = 6*f - 3*f + 20 + 5*f - 4*f. Let r(a) = a + 7. Let u(v) = 6*d(v) - 17*r(v). Suppose -5 = 5*g + 2*t, -4*t = -3*g + t - 3. Determine u(g).
-6
Let q(l) = -8*l**2 + 12*l - 44. Let g(r) = -r**2 - r - 1. Let c(y) = -5*g(y) + q(y). Let o(s) = 2*s**2 - 12*s + 26. Let h(n) = -5*c(n) - 8*o(n). What is h(9)?
5
Let q(a) = -a**3 + a**2 + 5*a - 3. Let v be (-6 - -16) + (-2 - -6). Let x be v*6 - (-1 + 1) - -1. Let p be 289/x - 2*(-1)/(-5). What is q(p)?
-6
Let z = 43 + 34. Let y = 73 - z. Let k(x) = -x + 2. Let c be k(y). Let p(n) = n**2 - 9*n. Determine p(c).
-18
Suppose -3*n + 5 = -5*u, -4*u + 11 = -u + n. Let j(r) = r**2 - 2*r. Let x be j(u). Let h(f) = f + 1749 - 3506 + 1749. What is h(x)?
-8
Suppose 0 = -6*d + m - 132, 3*d + 32*m - 37*m = -93. Let k(j) = -2*j**2 - 51*j - 13. Give k(d).
176
Let g(m) = 2*m**3 + 3*m - 21 + 3*m - 86475*m**2 + 86458*m**2 - 4*m**3. Determine g(-9).
6
Let f(c) = c + 4. Let v be f(-2). Let q(i) = -30*i**2 - 23*i**2 + 12*i**v. Give q(-1).
-41
Suppose 6*z - 929 - 1237 = 0. Let s = z - 362. Let o(c) = -c**3 + c**2 + c. Calculate o(s).
1
Let l(f) = -16*f - 4. Let t(k) = -45*k - 11. Let c(j) = -3*j - 2. Let p(b) = 2*c(b) - t(b). Let d(m) = -5*l(m) - 2*p(m). Determine d(-8).
-10
Suppose 143*f = 176*f + 99. Let b(i) = -15*i - 21. Determine b(f).
24
Let l(p) be the first derivative of -p**6/120 - p**5/60 - p**4/24 - 11*p**3/6 - 10*p**2 - 78. Let h(k) be the second derivative of l(k). What is h(0)?
-11
Let q(r) = r**3 - 9*r + 12. Let k be q(0). Let h(s) = 2 - k*s - 8 + 1 + 3 + 14*s. Suppose 0 = -5*t - 5 - 15. What is h(t)?
-10
Let n = -630 + 632. Suppose 2*l - r - 24 = 0, -n*r + 8 - 6 = l. Let g(b) = -b**3 + 11*b**2 - 10*b + 6. Give g(l).
6
Let a(n) = n - 2. Let g = 209 + -315. Let k = g - -114. What is a(k)?
6
Let t(j) be the first derivative of -j**4/4 + 11*j**3/3 - 9*j**2/2 - 8*j + 27. Let a be t(10). Let u(w) = 1 - 4*w - 3*w - a*w + 4*w. Determine u(1).
-4
Let y(b) = -4*b - 17. Let o(r) = -9*r - 34. Let a(l) = -2*o(l) + 5*y(l). Determine a(-8).
-1
Suppose -526*d + 525*d + 3 = 0. Let f(y) = 1 - 3*y**2 + d + 7*y + 2*y**2 - 3. Give f(7).
1
Let g(u) = 71*u**2 + 18*u + 21. Let v(q) = 79*q**2 + 18*q + 22. Let o(d) = -10*g(d) + 9*v(d). What is o(18)?
-12
Let l(c) = -2 + c + 3 + 4 + 3*c**2 - c**3. Let z = -11 - -20. Let d be 6/(-12) - z/(-2). What is l(d)?
-7
Let j(z) = -z + 10. Let i(t) = 172*t + 178. Let h be i(-1). What is j(h)?
4
Let c(j) = -j**2 + 20*j + 17. Let s be c(21). Let v(u) = 11*u - 2. Let z(y) = 4 - 3 - 4*y - 2*y. Let f(b) = s*v(b) - 7*z(b). Calculate f(3).
-5
Suppose -10 = -2*c - 3*c. Let l(w) = -4*w + 11. Let y be 11/2*2 + 0. Let n(q) = 7*q - 20. Let p(o) = y*l(o) + 6*n(o). Calculate p(c).
-3
Suppose 4*o - 89 = -69. Suppose -o*u + 8 = -u. Let i(a) = -18*a**2 - 4*a + 15*a**u + 5*a. Determine i(-2).
-14
Let f(r) be the third derivative of r**6/120 + 7*r**5/15 - 19*r**4/12 - 253*r**3/6 - 2*r**2 + 3321. What is f(-29)?
8
Let m(c) = -56*c**3 - c**2 + c + 1. Let p(w) = 334*w**3 + 28*w**2 - 8*w + 22. Let h(l) = 6*m(l) + p(l). Calculate h(11).
6
Let p(g) = 5*g - 2. Let i be p(-1). Let u(q) be the first derivative of -2*q**3 + 9*q + 57 - 1/4*q**4 + 7/2*q**2. Calculate u(i).
9
Let b(y) be the third derivative of -y**5/30 - 53*y**4/24 + 31*y**3/6 - 29*y**2 + 2*y + 38. What is b(-26)?
57
Let i be (-6 - -2) + 0 + (-4)/2. Let k(d) = d + 11. Let o be (-68)/(-18) + 28/126. Let f(p) = 2*p + 23. Let r(h) = o*f(h) - 9*k(h). Determine r(i).
-1
Let x(f) = -f**3 - 3*f**2 - 3*f - 4. Suppose -5*k + 40 = -5*j - 0*j, -4*k = 5*j - 68. Suppose -k*q = -1639 + 511. Let h = q - 97. What is x(h)?
5
Let u(q) be the second derivative of 17*q**3/6 - q. Suppose -2*a - 4*p + 333 = 85, -4*a + 3*p + 529 = 0. Let r = a + -131. What is u(r)?
-17
Let w(x) = 72*x**2 - 4 - 138*x**2 - 30*x + 64*x**2. What is w(-15)?
-4
Suppose 5*g - 413 = -428. Let m(o) = -o**3 + o - 1. Give m(g).
23
Let p = 1232 - 1229. Let b(o) = -o**2 - o**p - 154 - 2*o**2 + 151 + o. Suppose 5*k + 3*r + 15 = 0, -2*k - 6 = -0*k + 4*r. What is b(k)?
-6
Suppose 2*a - 6*a = -k - 13, 2*k - 4*a = -18. Let u(v) = -7*v**2 + 14*v + 32. Let g(c) = -4*c**2 + 7*c + 16. Let w(b) = k*g(b) + 3*u(b). Calculate w(8).
8
Suppose 8*l - 8286 + 8230 = 0. Let p(s) = -3*s + 16. Calculate p(l).
-5
Suppose -57*s - 5*d = -60*s - 25, 0 = -2*s - 5*d + 25. Let u(l) be the second derivative of -3*l**2 + 0 + 0*l**3 + 6*l + 1/12*l**4. Determine u(s).
-6
Let j(p) be the first derivative of 0*p + 2/3*p**3 + 7/24*p**4 + 1/60*p**5 - 17/2*p**2 - 3. Let m(s) be the second derivative of j(s). Calculate m(-7).
4
Suppose -4*r + 3*m = -25, r + 5*m - 25 = 2*m. Let t = -3 + 6. Let l(z) = z**3 - 10*z**2 - 2*z**t - z - z**3 + 7 + 3*z**3. Give l(r).
-3
Let k(h) be the first derivative of -11*h**2/2 - 13*h - 236. Give k(-2).
9
Let b(z) = 2*z**2 + 4*z + 2. Let o(f) = -3*f**2 + 8*f - 10. Let l(h) = -b(h) - o(h). What is l(6)?
-28
Let r = 21 - 19. Let x(o) = 3 + 9*o - 2*o**3 + 71*o**r + 2 - 75*o**2 - 6. Let h(j) = j**3 + 2*j**2 - 4*j + 1. Let q(g) = -5*h(g) - 2*x(g). Give q(2).
-15
Let k = 47 - 38. Let g(f) be the second derivative of -f**3/6 + 9*f**2/2 + 2*f + 69. Calculate g(k).
0
Let r(l) = 6*l**2 + 2*l - 1. Let f = 0 + 145. Let s = -144 + f. Give r(s).
7
Let h(j) = -4*j + j + 2*j**2 + 7 - 3*j**2. Let i(p) = p**2 - 314*p - 1600. Let s be i(-5). Calculate h(s).
-3
Suppose 17 = -4*o + h, -2*o = 3*h + 60 - 41. Let q(w) = -w**3 - 8*w**2 - 3*w + 72. Calculate q(o).
12
Let j(x) be the third derivative of -x**5/60 - x**4/8 + 13*x**3/2 + 531*x**2. What is j(5)?
-1
Let w(i) = 2*i**2 + 135*i - 3*i**3 - 75*i + 3 - 62*i. Let f(o) = -o**2 + 5*o + 1. Let k be f(5). Let n = 1 + k. Give w(n).
-17
Let u be (459/(-216))/((-1)/(-4)) + 3/2. Let j(y) = -y**3 - 6*y**2 - 35. Determine j(u).
14
Let k(v) = -v**2 + 33. Let h be ((-135)/75)/(3/10). Let n be k(h). Let o(u) = 2*u**3 + 3*u**2 + u + 1. Calculate o(n).
-29
Let v(f) be the first derivative of 0*f**4 + 7/2*f**2 + f**3 - 10 + 0*f + 1/120*f**6 - 1/60*f**5. Let z(k) be the second derivative of v(k). Calculate z(0).
6
Let z(v) = 42*v + 244. Suppose -49*x + 44*x + 22 = -2*n, 2*n + 4 = -4*x. Calculate z(n).
-8
Suppose -2*n - b + 437 = 0, 20*n - 18*n - 425 = 3*b. Suppose -n*k = -206*k + 11. Let g(h) be the third derivative of -h**4/12 + h**2. What is g(k)?
2
Let h(p) = 2*p - 12. Suppose 58 = 5*y + 3*s, -2*y + 4 = -6*s + 4*s. What is h(y)?
4
Let i(u) = -u**3 + 3*u**2 + 6*u - 3. Let v be i(4). Let k(g) be the first derivative of -g**2/2 + g - 7652. Determine k(v).
-4
Let u(s) = -949*s + 952. Let m be u(1). Let y(a) = -8 - 4*a + a**2 + 4*a + 4*a - 3*a. Give y(m).
4
Let o(c) = 59*c - 134. Let f(m) = -29*m + 79. Let z(n) = 5*f(n) + 3*o(n). Determine z(3).
89
L